 + -3)). Suppose 0 = 4*g - 4*i - 184, -g = 5*i - 25 - 21. Suppose -t = -c*t + g. Is t a multiple of 13?
False
Does 12 divide (-34 - (1 + 1))*-1?
True
Suppose -7 = -j - u, 5*j + 2 = j + 2*u. Suppose 5*b - 3*b + j*k = 52, 5*k = -3*b + 78. Is b a multiple of 10?
False
Let z(d) = 5*d**2 - 3*d - 1. Let u be z(-7). Suppose 5*l = u + 45. Is 11 a factor of l?
False
Let n(j) = -j**3 - 7*j**2 - 4*j - 5. Is n(-8) a multiple of 9?
False
Suppose o - 54 = -0*n - 2*n, 132 = 3*o - 4*n. Does 8 divide o?
True
Suppose 2*v - 2 = 4*v. Let g(t) = 12*t + 1. Let u be g(v). Let a = u + 18. Is a a multiple of 7?
True
Let d(h) = -7*h. Let r(m) = 3*m. Let n(v) = -2*d(v) - 5*r(v). Suppose 5*x = -4*y - 30 + 1, -x - 3 = -2*y. Does 2 divide n(x)?
False
Suppose 2*v = 6, 9 = 5*a + 3*v - 310. Is 27 a factor of a?
False
Suppose 0 = 4*p - 37 - 43. Suppose 4*x + t - p = -t, 5*x = -t + 28. Does 6 divide x?
True
Let g(n) = n**2 + 12*n + 14. Let z be g(-10). Does 8 divide (-4)/z + (-708)/(-18)?
True
Let v be (-2)/(-6)*(17 - 5). Suppose v*u = 129 + 39. Does 15 divide u?
False
Suppose -9*h - 30 = -219. Is 4 a factor of h?
False
Let k = 3 + 9. Suppose -i = -46 + k. Is 17 a factor of i?
True
Let t(g) = 2*g - 15. Let d be t(10). Suppose d*o - 59 = -3*c, 2*o - 8 = -c + 11. Is 9 a factor of c?
False
Suppose 12*y - 14*y = -56. Is 7 a factor of y?
True
Suppose 3*w - 3*g - 10 = 11, 0 = -4*g - 12. Suppose 4*j = m + w*m + 57, -j + 21 = m. Does 5 divide j?
False
Let s = 9 + 53. Does 12 divide s?
False
Let u(o) = -50*o**2. Let a be u(1). Does 6 divide 1/(-2 + a/(-24))?
True
Suppose 4*h = -4*z - 164, 0*h + 2*z - 123 = 3*h. Suppose 28*m = -439 - 65. Let d = m - h. Is 12 a factor of d?
False
Let x(n) = -n**3 + 11*n**2 - n + 14. Let h be x(11). Is 12 a factor of 37 - (0 - (-3)/h)?
True
Let x be (-2 - 1)*33/(-9). Suppose 0 = g - x - 21. Is g a multiple of 10?
False
Let k = -7 + 9. Suppose -3*q + 2*q + u = -18, -17 = -q + k*u. Is 8 a factor of q?
False
Suppose 0 - 2 = -5*s - k, -s + k - 2 = 0. Suppose -2*u + 45 = -5*j, s = -0*u + 2*u + 5*j - 95. Is u a multiple of 18?
False
Let h(g) = g + 12. Is 6 a factor of h(0)?
True
Let t be 29 + (-3)/3*2. Let y = t - 14. Suppose 2*w = -5*r + 7, -4*w - 3*r + 8 = -y. Does 3 divide w?
True
Let s(r) = -4*r + 9. Is 19 a factor of s(-12)?
True
Suppose f = 5*c - 112, 3*c + 2*f - 68 = 3*f. Does 22 divide c?
True
Suppose o + 0*o - 40 = 0. Does 17 divide o?
False
Let i(f) = f**2 + 8*f - 7. Let c be i(-9). Suppose 4*p - 88 = -c*g, 3*g - 4*g = -5*p + 110. Is 17 a factor of p?
False
Suppose -5*m = 3*u + u + 24, 5*m = -5*u - 25. Is 17 a factor of 15 + m/2*-1?
True
Let r(x) = 5*x**2 + 6*x + 7. Is 21 a factor of r(-5)?
False
Suppose 4*d = -4*w + 708, 5*w + 3*d - 58 - 837 = 0. Let f = -86 + w. Is f a multiple of 32?
True
Is 10 a factor of 1/(-4) - (-141)/4?
False
Suppose 8*k = -2*k + 400. Does 8 divide k?
True
Let j(x) = -3*x - 1. Let t be j(3). Let w = -7 - t. Suppose f + 58 = r, -w*f + 264 - 46 = 4*r. Is 21 a factor of r?
False
Let j = 20 + -11. Let m = -2 + 11. Is 3/m - (-249)/j a multiple of 14?
True
Let g(m) = -2*m**2 - 2*m + 3. Let n be g(-3). Let p = n + 16. Is 3 a factor of p?
False
Let b(i) = 7*i - 3*i + 4 + i. Let x be b(8). Suppose -x = -2*k + 5*m + 38, 2*m = 4*k - 148. Is 18 a factor of k?
True
Let i(s) = -6*s - 6. Let y(p) = p + 1. Let v(a) = 4*i(a) + 22*y(a). Let k = -21 + 17. Is v(k) a multiple of 6?
True
Suppose 6300 = 6*l + 9*l. Is l a multiple of 21?
True
Suppose -3*j = 2*j - 490. Suppose -o = 2*h - j, 5*h - 3*h = -4*o + 110. Does 28 divide h?
False
Let p(m) be the third derivative of m**6/120 - m**5/60 - m**4/12 - m**2. Let u be p(3). Let r = u + -8. Is 3 a factor of r?
False
Let b(k) = k**2 - 2. Let g be b(2). Let p(i) = -1 + 2 + 6*i + 1 - 2*i. Does 10 divide p(g)?
True
Let k be 21/(-6)*(-12)/14. Is 3 a factor of (4 - k)/((-3)/(-27))?
True
Let l(a) = -9 - 1 + 4*a + 11 - 5. Is 12 a factor of l(4)?
True
Let u(b) = -7*b**3 - 15*b**2 - 15*b - 6. Let q(z) = -4*z**3 - 8*z**2 - 8*z - 3. Let s(t) = 5*q(t) - 3*u(t). Let v be s(-3). Is 4 a factor of (-2)/v - 196/(-21)?
False
Suppose 3*r = 4*c - 246, -3*c + 199 - 29 = 5*r. Suppose y = 3*y - c. Does 10 divide y?
True
Let h be 70/(-8) + (-8)/32. Let y = -23 - h. Let t = 4 - y. Is t a multiple of 9?
True
Let f(i) = -i - 12. Let j be f(-10). Is 16 + -3 + (-4 - j) a multiple of 3?
False
Suppose 3*g = -5*d + d + 588, 0 = -3*g + d + 573. Does 36 divide g?
False
Let y = 7 - 3. Suppose y*w = -w + 25. Does 3 divide w?
False
Let y(r) = -4*r + 2. Let w = 8 + -4. Suppose -2 = v, 2*o - w*v = -v - 10. Is 17 a factor of y(o)?
True
Let c(i) = i**2 - 5. Is c(-7) a multiple of 11?
True
Let i(m) = -m + 64. Let b be i(0). Is 16 a factor of (b/(-6))/((-3)/9)?
True
Suppose -2*g + 40 + 26 = -2*j, 160 = 4*g + 3*j. Suppose 0 = -2*b + 11 - 1, -b = -z + g. Is 21 a factor of z?
True
Suppose 0*k = d - k - 56, d + 5*k - 62 = 0. Is d a multiple of 19?
True
Suppose -5*o - 35 = -2*z - 101, -4*o - 3*z = -39. Is o a multiple of 4?
True
Let z be 5 - (-1 - 0/1). Let m = 24 + z. Is m a multiple of 15?
True
Let b = -5 - 0. Is (-5)/(b/2)*14 a multiple of 7?
True
Let b be 0/(-2 - (-2 + -2)). Suppose -2*c + 14 = -b*c. Is 7 a factor of c?
True
Let t be (-6)/4*4/(-6). Let w be t/5 - (-119)/5. Let l = 48 - w. Does 14 divide l?
False
Does 17 divide (-495)/(-7) + 2/7?
False
Let w = 22 + 32. Is w a multiple of 17?
False
Let n = -23 + 56. Suppose -n = -j - 2*j. Let o = -5 + j. Is 3 a factor of o?
True
Let r = -81 + 177. Is 8 a factor of r?
True
Let m(a) = a**2 - 3*a - 5. Let b be -2 + 14 + (0 - 1). Let w = b + -6. Does 2 divide m(w)?
False
Let g = -5 + 8. Suppose -g*f - 76 = -5*f. Suppose f = 2*c - 5*m - 33, -4*c + 118 = -2*m. Is 13 a factor of c?
False
Suppose -5*k - u = 2*u - 182, k - 3*u = 22. Is 8 a factor of k?
False
Suppose -6*a = -5*a - 16. Does 7 divide a?
False
Let q(b) = b**2 - 5*b - 8. Is q(12) a multiple of 32?
False
Let p be ((-2)/5)/(2/60). Let k = p - -20. Is k a multiple of 4?
True
Does 11 divide (-10)/(-25)*1 - (-906)/10?
False
Is 276/4 + (2 - 2) a multiple of 17?
False
Let w be (-30)/(-12) - (-9)/6. Suppose -128 = -w*b + 24. Does 19 divide b?
True
Let a(o) = -5*o**3 + 2*o**2 - o - 3. Let h(i) = i**3 - i**2 + i + 1. Let q(k) = a(k) + 6*h(k). Is 23 a factor of q(4)?
True
Let z(j) = j**3 - 6*j**2 - 9*j - 7. Let v be z(8). Let l = -9 + v. Is l a multiple of 20?
True
Let u(w) = -w**3 - 6*w**2 - 5*w - 9. Let o be u(-6). Let j = -36 + o. Does 12 divide (-108)/(-5) + (-6)/j?
False
Let o(w) = -12*w**2 - 4*w - 1. Let v(b) = -11*b**2 - 5*b - 1. Let h(y) = -4*o(y) + 3*v(y). Let a be h(-1). Let m = -8 + a. Is m a multiple of 7?
True
Let x(j) = 5*j**3 - 1. Let m be x(1). Suppose 3*o = 4*f - 2*f - 39, 76 = m*f - 4*o. Is 9 a factor of f?
True
Let x(u) = u**3 + 10*u**2 + 12*u + 3. Let n be x(-8). Suppose -6*k + k = -n. Is 3 a factor of k?
False
Suppose -10 + 156 = 3*t + r, t - 42 = -2*r. Is t a multiple of 28?
False
Suppose -4*b + 110 = -5*s, -s = b - 0*s - 32. Is 15 a factor of b?
True
Let r(o) = o**2 - 2*o - 4. Let x be r(-3). Let u(i) = i - 12. Let p be u(x). Is p/(2 + (-42)/20) a multiple of 3?
False
Let w = 38 - 12. Is 13 a factor of w?
True
Suppose 4*a + 10 = -a. Does 4 divide (2 - 1)*a + 11?
False
Let o(t) = 3*t - 2*t**2 - t**3 - 4 + 2*t**3 - 2*t**2. Is 18 a factor of o(5)?
True
Is -1 - 1/((-2)/14) a multiple of 4?
False
Let f = 3 - 51. Let q = -26 - f. Let k = q + -12. Is k a multiple of 5?
True
Let c(f) = -f**2 - 4*f + 3. Let i(y) = y - 8. Let n(a) = -6*a + 39. Let x(h) = 11*i(h) + 2*n(h). Let j be x(-7). Is c(j) even?
True
Let t(f) = f + 9. Let i be t(-7). Suppose 0*n + i*n = 0. Let r = n - -15. Does 7 divide r?
False
Suppose 0 = -2*z + 4*z + 10. Let i = z - -7. Is 2 a factor of i?
True
Suppose 2*i = 23 - 9. Suppose 5*t - 3*d = -0*d - 1, -2*d = 3*t - i. Suppose n - 24 = -t. Is n a multiple of 9?
False
Let b be ((-2)/4)/((-2)/24). Suppose -c = -9 - b. Is c a multiple of 15?
True
Suppose 0 = 3*f - 7*f - k + 15, 0 = -2*f + 4*k - 6. Does 2 divide f?
False
Suppose 2*m + 14 - 154 = 0. Is m a multiple of 35?
True
Let r(k) = 25*k**2 - 2*k + 1. Suppose -4*n + z + 3 = 0, 2*z + 1 = -3*n + 6. Does 8 divide r(n)?
True
Let n(c) = -c**2 - 5*c + 1. Let k(p) = -3*p**2 - 15*p + 4. Let m(h) = 6*k(h) - 17*n(h). Let d be m(-5). Let o = d - 2. Is o a multiple of 2?
False
Let w 